{"id":10,"date":"2024-03-11T16:26:27","date_gmt":"2024-03-11T16:26:27","guid":{"rendered":"https:\/\/wowuniversity.org\/sveikatosklubas\/my-account\/"},"modified":"2026-01-06T01:02:03","modified_gmt":"2026-01-05T22:02:03","slug":"my-account","status":"publish","type":"page","link":"https:\/\/wowuniversity.org\/sveikatosklubas\/my-account\/","title":{"rendered":"Prenumerata"},"content":{"rendered":"\t\t<div data-elementor-type=\"wp-page\" data-elementor-id=\"10\" class=\"elementor elementor-10\" data-elementor-post-type=\"page\">\n\t\t\t\t<div class=\"elementor-element elementor-element-1b8990ec e-flex e-con-boxed e-con e-parent\" data-id=\"1b8990ec\" data-element_type=\"container\" data-e-type=\"container\">\n\t\t\t\t\t<div class=\"e-con-inner\">\n\t\t\t\t<div class=\"elementor-element elementor-element-d9773f elementor-widget elementor-widget-text-editor\" data-id=\"d9773f\" data-element_type=\"widget\" data-e-type=\"widget\" data-widget_type=\"text-editor.default\">\n\t\t\t\t<div class=\"elementor-widget-container\">\n\t\t\t\t\t\t\t\t\t<div class=\"woocommerce\"><\/div>\n\t\t\t\t\t\t\t\t<\/div>\n\t\t\t\t<\/div>\n\t\t\t\t\t<\/div>\n\t\t\t\t<\/div>\n\t\t<div class=\"elementor-element elementor-element-944f2ba e-flex e-con-boxed e-con e-parent\" data-id=\"944f2ba\" data-element_type=\"container\" data-e-type=\"container\">\n\t\t\t\t\t<div class=\"e-con-inner\">\n\t\t\t\t<div class=\"elementor-element elementor-element-a17e311 e-n-tabs-mobile elementor-widget elementor-widget-n-tabs\" data-id=\"a17e311\" data-element_type=\"widget\" data-e-type=\"widget\" data-settings=\"{&quot;horizontal_scroll_mobile&quot;:&quot;enable&quot;,&quot;horizontal_scroll&quot;:&quot;disable&quot;}\" data-widget_type=\"nested-tabs.default\">\n\t\t\t\t<div class=\"elementor-widget-container\">\n\t\t\t\t\t\t\t<div class=\"e-n-tabs\" data-widget-number=\"169337617\" aria-label=\"Tabs. Open items with Enter or Space, close with Escape and navigate using the Arrow keys.\">\n\t\t\t<div class=\"e-n-tabs-heading\" role=\"tablist\">\n\t\t\t\t\t<button id=\"e-n-tab-title-1693376171\" data-tab-title-id=\"e-n-tab-title-1693376171\" class=\"e-n-tab-title\" aria-selected=\"true\" data-tab-index=\"1\" role=\"tab\" tabindex=\"0\" aria-controls=\"e-n-tab-content-1693376171\" style=\"--n-tabs-title-order: 1;\">\n\t\t\t\t\t\t<span class=\"e-n-tab-title-text\">\n\t\t\t\tKaip nutraukti naryst\u0119?\t\t\t<\/span>\n\t\t<\/button>\n\t\t\t\t<button id=\"e-n-tab-title-1693376172\" data-tab-title-id=\"e-n-tab-title-1693376172\" class=\"e-n-tab-title\" aria-selected=\"false\" data-tab-index=\"2\" role=\"tab\" tabindex=\"-1\" aria-controls=\"e-n-tab-content-1693376172\" style=\"--n-tabs-title-order: 2;\">\n\t\t\t\t\t\t<span class=\"e-n-tab-title-text\">\n\t\t\t\tPakeisti prenumeratos period\u0105\t\t\t<\/span>\n\t\t<\/button>\n\t\t\t\t\t<\/div>\n\t\t\t<div class=\"e-n-tabs-content\">\n\t\t\t\t<div id=\"e-n-tab-content-1693376171\" role=\"tabpanel\" aria-labelledby=\"e-n-tab-title-1693376171\" data-tab-index=\"1\" style=\"--n-tabs-title-order: 1;\" class=\"e-active elementor-element elementor-element-62b6d0f e-flex e-con-boxed e-con e-child\" data-id=\"62b6d0f\" data-element_type=\"container\" data-e-type=\"container\">\n\t\t\t\t\t<div class=\"e-con-inner\">\n\t\t\t\t<div class=\"elementor-element elementor-element-c0ff534 elementor-widget elementor-widget-text-editor\" data-id=\"c0ff534\" data-element_type=\"widget\" data-e-type=\"widget\" data-widget_type=\"text-editor.default\">\n\t\t\t\t<div class=\"elementor-widget-container\">\n\t\t\t\t\t\t\t\t\t<p><b>1.<\/b> Pasirinkite skirtuk\u0105 <b>\u201ePrenumeratos\u201c<\/b>.<\/p>\t\t\t\t\t\t\t\t<\/div>\n\t\t\t\t<\/div>\n\t\t\t\t<div class=\"elementor-element elementor-element-1b1bddf elementor-widget elementor-widget-text-editor\" data-id=\"1b1bddf\" data-element_type=\"widget\" data-e-type=\"widget\" data-widget_type=\"text-editor.default\">\n\t\t\t\t<div class=\"elementor-widget-container\">\n\t\t\t\t\t\t\t\t\t<p><b>2.<\/b> \u010cia pamatysite mygtuk\u0105 <b>\u201eAt\u0161aukti\u201c<\/b> \u2013 paspauskite j\u012f. Puslapio vir\u0161uje pamatysite \u017einut\u0119 <em>\u201eJ\u016bs\u0173 prenumerata buvo at\u0161aukta.\u201c<\/em><\/p>\t\t\t\t\t\t\t\t<\/div>\n\t\t\t\t<\/div>\n\t\t\t\t<div class=\"elementor-element elementor-element-cba941e elementor-widget elementor-widget-image\" data-id=\"cba941e\" data-element_type=\"widget\" data-e-type=\"widget\" data-widget_type=\"image.default\">\n\t\t\t\t<div class=\"elementor-widget-container\">\n\t\t\t\t\t\t\t\t\t\t\t\t\t\t\t<img fetchpriority=\"high\" decoding=\"async\" width=\"1208\" height=\"336\" src=\"https:\/\/wowuniversity.org\/sveikatosklubas\/wp-content\/uploads\/2025\/03\/atsaukti.png\" class=\"attachment-full size-full wp-image-2480\" alt=\"\" srcset=\"https:\/\/wowuniversity.org\/sveikatosklubas\/wp-content\/uploads\/2025\/03\/atsaukti.png 1208w, https:\/\/wowuniversity.org\/sveikatosklubas\/wp-content\/uploads\/2025\/03\/atsaukti-300x83.png 300w, https:\/\/wowuniversity.org\/sveikatosklubas\/wp-content\/uploads\/2025\/03\/atsaukti-1024x285.png 1024w, https:\/\/wowuniversity.org\/sveikatosklubas\/wp-content\/uploads\/2025\/03\/atsaukti-768x214.png 768w, https:\/\/wowuniversity.org\/sveikatosklubas\/wp-content\/uploads\/2025\/03\/atsaukti-600x167.png 600w\" sizes=\"(max-width: 1208px) 100vw, 1208px\" \/>\t\t\t\t\t\t\t\t\t\t\t\t\t\t\t<\/div>\n\t\t\t\t<\/div>\n\t\t\t\t<div class=\"elementor-element elementor-element-fd74bc5 elementor-widget elementor-widget-text-editor\" data-id=\"fd74bc5\" data-element_type=\"widget\" data-e-type=\"widget\" data-widget_type=\"text-editor.default\">\n\t\t\t\t<div class=\"elementor-widget-container\">\n\t\t\t\t\t\t\t\t\t<p><b>3. Kas vyksta at\u0161aukus prenumerat\u0105?<\/b><\/p>\n<p>Prenumerata bus nutraukta i\u0161kart po mygtuko paspaudimo, ta\u010diau prieig\u0105 prie paskait\u0173 tur\u0117site iki pilno m\u0117nesio pabaigos nuo paskutinio mok\u0117jimo dienos.<\/p>\n<p><b>Pavyzd\u017eiui:<\/b><\/p>\n<ul>\n<li>Jei prenumerata buvo pirkta kovo 22 dien\u0105, j\u0105 at\u0161aukus, prie paskait\u0173 gal\u0117site prisijungti iki baland\u017eio 22 dienos.<\/li>\n<\/ul>\t\t\t\t\t\t\t\t<\/div>\n\t\t\t\t<\/div>\n\t\t\t\t<div class=\"elementor-element elementor-element-cf2817f elementor-widget elementor-widget-text-editor\" data-id=\"cf2817f\" data-element_type=\"widget\" data-e-type=\"widget\" data-widget_type=\"text-editor.default\">\n\t\t\t\t<div class=\"elementor-widget-container\">\n\t\t\t\t\t\t\t\t\t<p>Jei turite klausim\u0173, ra\u0161ykite <strong><a href=\"mailto:info@wowuniversity.org\">info@wowuniversity.org<\/a>.<br \/><\/strong><\/p>\t\t\t\t\t\t\t\t<\/div>\n\t\t\t\t<\/div>\n\t\t\t\t\t<\/div>\n\t\t\t\t<\/div>\n\t\t<div id=\"e-n-tab-content-1693376172\" role=\"tabpanel\" aria-labelledby=\"e-n-tab-title-1693376172\" data-tab-index=\"2\" style=\"--n-tabs-title-order: 2;\" class=\" elementor-element elementor-element-31e9240 e-flex e-con-boxed e-con e-child\" data-id=\"31e9240\" data-element_type=\"container\" data-e-type=\"container\">\n\t\t\t\t\t<div class=\"e-con-inner\">\n\t\t\t\t<div class=\"elementor-element elementor-element-2be3e9a elementor-widget elementor-widget-text-editor\" data-id=\"2be3e9a\" data-element_type=\"widget\" data-e-type=\"widget\" data-widget_type=\"text-editor.default\">\n\t\t\t\t<div class=\"elementor-widget-container\">\n\t\t\t\t\t\t\t\t\t<p>1. Pasirinkite \u201eMano prenumerata\u201d ir paspauskite mygtuk\u0105 \u201eKeisti prenumeratos laikotarp\u012f\u201c. Kitame lange pasirinkite pvz. metin\u0117s prenumeratos tip\u0105, suveskite kortel\u0117s duomenis ir pa\u010dioje paspauskite \u201eKeisti prenumerat\u0105\u201d. J\u016bs\u0173 turima m\u0117nesio prenumerata bus pakeista \u012f metin\u0119. Mok\u0117jimas u\u017e kit\u0105 period\u0105 bus nuskaitytas nuo kortel\u0117s, kai baigsis dabartinis prenumeratos laikotarpis.<\/p>\t\t\t\t\t\t\t\t<\/div>\n\t\t\t\t<\/div>\n\t\t\t\t<div class=\"elementor-element elementor-element-476f26b elementor-widget elementor-widget-image\" data-id=\"476f26b\" data-element_type=\"widget\" data-e-type=\"widget\" data-widget_type=\"image.default\">\n\t\t\t\t<div class=\"elementor-widget-container\">\n\t\t\t\t\t\t\t\t\t\t\t\t\t\t\t<img decoding=\"async\" width=\"1600\" height=\"574\" src=\"https:\/\/wowuniversity.org\/sveikatosklubas\/wp-content\/uploads\/2024\/04\/Keisti_laikotarpi.png\" class=\"attachment-full size-full wp-image-1024\" alt=\"\" srcset=\"https:\/\/wowuniversity.org\/sveikatosklubas\/wp-content\/uploads\/2024\/04\/Keisti_laikotarpi.png 1600w, https:\/\/wowuniversity.org\/sveikatosklubas\/wp-content\/uploads\/2024\/04\/Keisti_laikotarpi-300x108.png 300w, https:\/\/wowuniversity.org\/sveikatosklubas\/wp-content\/uploads\/2024\/04\/Keisti_laikotarpi-1024x367.png 1024w, https:\/\/wowuniversity.org\/sveikatosklubas\/wp-content\/uploads\/2024\/04\/Keisti_laikotarpi-768x276.png 768w, https:\/\/wowuniversity.org\/sveikatosklubas\/wp-content\/uploads\/2024\/04\/Keisti_laikotarpi-1536x551.png 1536w, https:\/\/wowuniversity.org\/sveikatosklubas\/wp-content\/uploads\/2024\/04\/Keisti_laikotarpi-600x215.png 600w\" sizes=\"(max-width: 1600px) 100vw, 1600px\" \/>\t\t\t\t\t\t\t\t\t\t\t\t\t\t\t<\/div>\n\t\t\t\t<\/div>\n\t\t\t\t<div class=\"elementor-element elementor-element-d4bb4f7 elementor-widget elementor-widget-image\" data-id=\"d4bb4f7\" data-element_type=\"widget\" data-e-type=\"widget\" data-widget_type=\"image.default\">\n\t\t\t\t<div class=\"elementor-widget-container\">\n\t\t\t\t\t\t\t\t\t\t\t\t\t\t\t<img decoding=\"async\" width=\"760\" height=\"352\" src=\"https:\/\/wowuniversity.org\/sveikatosklubas\/wp-content\/uploads\/2025\/02\/PAsirinkti-tipa.png\" class=\"attachment-full size-full wp-image-2316\" alt=\"\" srcset=\"https:\/\/wowuniversity.org\/sveikatosklubas\/wp-content\/uploads\/2025\/02\/PAsirinkti-tipa.png 760w, https:\/\/wowuniversity.org\/sveikatosklubas\/wp-content\/uploads\/2025\/02\/PAsirinkti-tipa-300x139.png 300w, https:\/\/wowuniversity.org\/sveikatosklubas\/wp-content\/uploads\/2025\/02\/PAsirinkti-tipa-600x278.png 600w\" sizes=\"(max-width: 760px) 100vw, 760px\" \/>\t\t\t\t\t\t\t\t\t\t\t\t\t\t\t<\/div>\n\t\t\t\t<\/div>\n\t\t\t\t<div class=\"elementor-element elementor-element-be0e13b elementor-widget elementor-widget-image\" data-id=\"be0e13b\" data-element_type=\"widget\" data-e-type=\"widget\" data-widget_type=\"image.default\">\n\t\t\t\t<div class=\"elementor-widget-container\">\n\t\t\t\t\t\t\t\t\t\t\t\t\t\t\t<img loading=\"lazy\" decoding=\"async\" width=\"1256\" height=\"1184\" src=\"https:\/\/wowuniversity.org\/sveikatosklubas\/wp-content\/uploads\/2025\/02\/suvesti-duomenis.png\" class=\"attachment-full size-full wp-image-2317\" alt=\"\" srcset=\"https:\/\/wowuniversity.org\/sveikatosklubas\/wp-content\/uploads\/2025\/02\/suvesti-duomenis.png 1256w, https:\/\/wowuniversity.org\/sveikatosklubas\/wp-content\/uploads\/2025\/02\/suvesti-duomenis-300x283.png 300w, https:\/\/wowuniversity.org\/sveikatosklubas\/wp-content\/uploads\/2025\/02\/suvesti-duomenis-1024x965.png 1024w, https:\/\/wowuniversity.org\/sveikatosklubas\/wp-content\/uploads\/2025\/02\/suvesti-duomenis-768x724.png 768w, https:\/\/wowuniversity.org\/sveikatosklubas\/wp-content\/uploads\/2025\/02\/suvesti-duomenis-600x566.png 600w\" sizes=\"(max-width: 1256px) 100vw, 1256px\" \/>\t\t\t\t\t\t\t\t\t\t\t\t\t\t\t<\/div>\n\t\t\t\t<\/div>\n\t\t\t\t\t<\/div>\n\t\t\t\t<\/div>\n\t\t\t\t\t<\/div>\n\t\t<\/div>\n\t\t\t\t\t\t<\/div>\n\t\t\t\t<\/div>\n\t\t\t\t\t<\/div>\n\t\t\t\t<\/div>\n\t\t\t\t<\/div>\n\t\t","protected":false},"excerpt":{"rendered":"<p>Kaip nutraukti naryst\u0119? Pakeisti prenumeratos period\u0105 1. Pasirinkite skirtuk\u0105 \u201ePrenumeratos\u201c. 2. \u010cia pamatysite mygtuk\u0105 \u201eAt\u0161aukti\u201c \u2013 paspauskite j\u012f. Puslapio vir\u0161uje pamatysite \u017einut\u0119 \u201eJ\u016bs\u0173 prenumerata buvo at\u0161aukta.\u201c 3. Kas vyksta at\u0161aukus prenumerat\u0105? Prenumerata bus nutraukta i\u0161kart po mygtuko paspaudimo, ta\u010diau prieig\u0105 prie paskait\u0173 tur\u0117site iki pilno m\u0117nesio pabaigos nuo paskutinio mok\u0117jimo dienos. Pavyzd\u017eiui: Jei prenumerata buvo [&hellip;]<\/p>\n","protected":false},"author":1,"featured_media":0,"parent":0,"menu_order":0,"comment_status":"closed","ping_status":"closed","template":"","meta":{"footnotes":""},"class_list":["post-10","page","type-page","status-publish","hentry"],"_links":{"self":[{"href":"https:\/\/wowuniversity.org\/sveikatosklubas\/wp-json\/wp\/v2\/pages\/10","targetHints":{"allow":["GET"]}}],"collection":[{"href":"https:\/\/wowuniversity.org\/sveikatosklubas\/wp-json\/wp\/v2\/pages"}],"about":[{"href":"https:\/\/wowuniversity.org\/sveikatosklubas\/wp-json\/wp\/v2\/types\/page"}],"author":[{"embeddable":true,"href":"https:\/\/wowuniversity.org\/sveikatosklubas\/wp-json\/wp\/v2\/users\/1"}],"replies":[{"embeddable":true,"href":"https:\/\/wowuniversity.org\/sveikatosklubas\/wp-json\/wp\/v2\/comments?post=10"}],"version-history":[{"count":27,"href":"https:\/\/wowuniversity.org\/sveikatosklubas\/wp-json\/wp\/v2\/pages\/10\/revisions"}],"predecessor-version":[{"id":3590,"href":"https:\/\/wowuniversity.org\/sveikatosklubas\/wp-json\/wp\/v2\/pages\/10\/revisions\/3590"}],"wp:attachment":[{"href":"https:\/\/wowuniversity.org\/sveikatosklubas\/wp-json\/wp\/v2\/media?parent=10"}],"curies":[{"name":"wp","href":"https:\/\/api.w.org\/{rel}","templated":true}]}}